{"id":42,"date":"2013-11-28T20:57:25","date_gmt":"2013-11-28T19:57:25","guid":{"rendered":"http:\/\/auszeit-europa.de\/?page_id=42"},"modified":"2014-05-09T09:55:18","modified_gmt":"2014-05-09T07:55:18","slug":"news-2","status":"publish","type":"page","link":"https:\/\/auszeit-europa.de\/?page_id=42","title":{"rendered":"Auszeit Europa"},"content":{"rendered":"<p style=\"text-align: justify;\"><span style=\"font-family: comic sans ms,sans-serif; font-size: 12px;\"><span style=\"font-family: arial, helvetica, sans-serif; font-size: 14px;\"><a href=\"https:\/\/i0.wp.com\/auszeit-europa.de\/wp-content\/uploads\/2013\/11\/home.jpeg?ssl=1\"><img data-recalc-dims=\"1\" loading=\"lazy\" decoding=\"async\" class=\"size-full wp-image-256 alignleft\" src=\"https:\/\/i0.wp.com\/auszeit-europa.de\/wp-content\/uploads\/2013\/11\/home.jpeg?resize=266%2C271&#038;ssl=1\" alt=\"home\" width=\"266\" height=\"271\" \/><\/a>Wer kennt nicht das Gef\u00fchl einfach mal raus zu m\u00fcssen, alles hinter sich zu lassen und einfach drauf los zu leben.\u00a0<span style=\"font-family: comic sans ms,sans-serif; font-size: 12px;\"><span style=\"font-family: arial, helvetica, sans-serif; font-size: 14px;\">Sp\u00e4testens nach meiner Rum\u00e4nienreise war mir klar, 3 Wochen reichen einfach nicht um alles hinter sich zu lassen. So reifte langsam der Gedanke in mir, einmal eine l\u00e4ngere Auszeit zu nehmen. 3 Monate sollen es werden, nur wohin soll die Reise gehen?<br \/>\n<\/span><\/span><\/span><\/span><\/p>\n<p style=\"text-align: justify;\"><span style=\"font-family: arial,helvetica,sans-serif; font-size: 14px;\">Ich habe in den letzten Jahren einige L\u00e4nder Europas bereist und dabei immer wieder festgestellt, wie sch\u00f6n und abwechslungsreich die Landschaften Europas sind. Also warum andere Kontinente bereisen, wenn man die L\u00e4nder vor der eigenen Haust\u00fcre noch nicht kennt. Mein Plan ist es in 3 Monaten einmal Europa zu umrunden, ca 20.000 Kilometer.<\/span><\/p>\n<p style=\"text-align: justify;\"><span style=\"font-family: arial,helvetica,sans-serif; font-size: 14px;\">Losgehen soll es im Mai 2015 und bis dahin ist noch viel zu kl\u00e4ren. Ob ich meinen Traum erf\u00fcllen kann und was alles zu erledigen ist, bevor es losgeht, werde ich hier regelm\u00e4\u00dfig posten.<\/span><\/p>\n<p style=\"text-align: justify;\"><span style=\"font-family: arial,helvetica,sans-serif; font-size: 14px;\">Unter dem Menupunkt <a href=\"https:\/\/auszeit-europa.de\/?cat=12\"><strong>Auszeit<\/strong><\/a> findet Ihr regelm\u00e4\u00dfige updates.<br \/>\n<\/span><\/p>\n<p style=\"text-align: justify;\"><strong><span style=\"font-family: arial,helvetica,sans-serif; font-size: 14px;\">Geplante Reiseroute<\/span><\/strong><\/p>\n<p style=\"text-align: justify;\"><a href=\"https:\/\/i0.wp.com\/auszeit-europa.de\/wp-content\/uploads\/2013\/12\/tour.jpeg?ssl=1\"><img data-recalc-dims=\"1\" loading=\"lazy\" decoding=\"async\" class=\"alignnone size-full wp-image-240\" src=\"https:\/\/i0.wp.com\/auszeit-europa.de\/wp-content\/uploads\/2013\/12\/tour.jpeg?resize=525%2C380&#038;ssl=1\" alt=\"Geplante Reiseroute\" width=\"525\" height=\"380\" srcset=\"https:\/\/i0.wp.com\/auszeit-europa.de\/wp-content\/uploads\/2013\/12\/tour.jpeg?w=640&amp;ssl=1 640w, https:\/\/i0.wp.com\/auszeit-europa.de\/wp-content\/uploads\/2013\/12\/tour.jpeg?resize=300%2C217&amp;ssl=1 300w\" sizes=\"auto, (max-width: 525px) 100vw, 525px\" \/><\/a><\/p>\n","protected":false},"excerpt":{"rendered":"<p>Wer kennt nicht das Gef\u00fchl einfach mal raus zu m\u00fcssen, alles hinter sich zu lassen und einfach drauf los zu leben.\u00a0Sp\u00e4testens nach meiner Rum\u00e4nienreise war mir klar, 3 Wochen reichen einfach nicht um alles hinter sich zu lassen. So reifte langsam der Gedanke in mir, einmal eine l\u00e4ngere Auszeit zu nehmen. 3 Monate sollen es &hellip; <\/p>\n<p class=\"link-more\"><a href=\"https:\/\/auszeit-europa.de\/?page_id=42\" class=\"more-link\"><span class=\"screen-reader-text\">\u201eAuszeit Europa\u201c <\/span>weiterlesen<\/a><\/p>\n","protected":false},"author":1,"featured_media":0,"parent":0,"menu_order":0,"comment_status":"closed","ping_status":"open","template":"","meta":{"footnotes":""},"class_list":["post-42","page","type-page","status-publish","hentry"],"jetpack_shortlink":"https:\/\/wp.me\/P48il9-G","jetpack_sharing_enabled":true,"jetpack_likes_enabled":true,"_links":{"self":[{"href":"https:\/\/auszeit-europa.de\/index.php?rest_route=\/wp\/v2\/pages\/42","targetHints":{"allow":["GET"]}}],"collection":[{"href":"https:\/\/auszeit-europa.de\/index.php?rest_route=\/wp\/v2\/pages"}],"about":[{"href":"https:\/\/auszeit-europa.de\/index.php?rest_route=\/wp\/v2\/types\/page"}],"author":[{"embeddable":true,"href":"https:\/\/auszeit-europa.de\/index.php?rest_route=\/wp\/v2\/users\/1"}],"replies":[{"embeddable":true,"href":"https:\/\/auszeit-europa.de\/index.php?rest_route=%2Fwp%2Fv2%2Fcomments&post=42"}],"version-history":[{"count":27,"href":"https:\/\/auszeit-europa.de\/index.php?rest_route=\/wp\/v2\/pages\/42\/revisions"}],"predecessor-version":[{"id":850,"href":"https:\/\/auszeit-europa.de\/index.php?rest_route=\/wp\/v2\/pages\/42\/revisions\/850"}],"wp:attachment":[{"href":"https:\/\/auszeit-europa.de\/index.php?rest_route=%2Fwp%2Fv2%2Fmedia&parent=42"}],"curies":[{"name":"wp","href":"https:\/\/api.w.org\/{rel}","templated":true}]}}